, 89, 69821
What are the prime factors of 741112606?
2, 13, 619, 46049
List the prime factors of 146576886.
2, 3, 41, 59, 10099
What are the prime factors of 708381908?
2, 13, 17, 801337
What are the prime factors of 128555238?
2, 3, 7, 3060839
List the prime factors of 10174739.
61, 166799
What are the prime factors of 2926330818?
2, 3, 239, 613, 3329
What are the prime factors of 70608029?
70608029
List the prime factors of 1826103902.
2, 7, 130435993
List the prime factors of 145506695.
5, 149, 195311
List the prime factors of 410615582.
2, 13, 29, 163, 257
List the prime factors of 3974270157.
3, 11, 13, 1029337
List the prime factors of 5931326.
2, 101, 29363
List the prime factors of 842760181.
19, 23, 1928513
List the prime factors of 280143460.
2, 5, 439, 31907
List the prime factors of 547238030.
2, 5, 6073, 9011
What are the prime factors of 8008610?
2, 5, 800861
What are the prime factors of 151342126?
2, 13, 17, 29, 11807
List the prime factors of 294212603.
294212603
List the prime factors of 1391536545.
3, 5, 7, 43, 44029
List the prime factors of 267478944.
2, 3, 131, 21269
What are the prime factors of 105496640?
2, 5, 329677
What are the prime factors of 55618672?
2, 47, 73961
List the prime factors of 469105316.
2, 117276329
List the prime factors of 1691796619.
1691796619
What are the prime factors of 4279723?
7, 611389
What are the prime factors of 439223430?
2, 3, 5, 14640781
What are the prime factors of 1067180770?
2, 5, 1741, 61297
List the prime factors of 135173681.
17, 467729
What are the prime factors of 669065569?
491, 1091, 1249
What are the prime factors of 124539280?
2, 5, 17, 91573
List the prime factors of 4519454046.
2, 3, 17, 23, 67, 28753
What are the prime factors of 58868593?
7, 19, 113, 3917
List the prime factors of 5799446776.
2, 17, 179, 238229
List the prime factors of 84850210.
2, 5, 8485021
List the prime factors of 139463526.
2, 3, 127, 183023
What are the prime factors of 1191366?
2, 3, 11, 547
List the prime factors of 68484381.
3, 7, 17, 191833
List the prime factors of 2215824250.
2, 5, 577, 15361
What are the prime factors of 2820055534?
2, 1410027767
List the prime factors of 88300654.
2, 13, 73, 46523
What are the prime factors of 1345493529?
3, 3797, 39373
What are the prime factors of 77187789?
3, 7, 41, 1423
List the prime factors of 23965351.
23965351
What are the prime factors of 288384054?
2, 3, 7, 6866287
What are the prime factors of 52951119?
3, 13, 19, 3761
List the prime factors of 1560081804.
2, 3, 523, 248579
List the prime factors of 1565303002.
2, 41, 109, 175129
List the prime factors of 2183133884.
2, 23059, 23669
What are the prime factors of 329751656?
2, 13, 3170689
List the prime factors of 2666583656.
2, 11, 727, 41681
What are the prime factors of 14254753?
14254753
What are the prime factors of 4863102311?
89, 2591, 21089
What are the prime factors of 470159412?
2, 3, 17, 197, 11699
What are the prime factors of 296735772?
2, 3, 29, 852689
List the prime factors of 244052127.
3, 11, 107, 23039
What are the prime factors of 687189993?
3, 7, 32723333
List the prime factors of 182425202.
2, 83, 683, 1609
List the prime factors of 942508433.
19, 49605707
What are the prime factors of 1133992863?
3, 125999207
List the prime factors of 2292696060.
2, 3, 5, 163, 359, 653
List the prime factors of 525752624.
2, 32859539
List the prime factors of 6054001149.
3, 7, 1531, 188299
List the prime factors of 314932738.
2, 157466369
List the prime factors of 170320221.
3, 23, 822803
What are the prime factors of 271648728?
2, 3, 13, 3583
List the prime factors of 51641826.
2, 3, 79, 108949
List the prime factors of 2133527670.
2, 3, 5, 19, 37, 33721
List the prime factors of 1043176.
2, 19, 6863
What are the prime factors of 73388?
2, 7, 2621
What are the prime factors of 67644469?
71, 952739
What are the prime factors of 4801527765?
3, 5, 1187, 89891
What are the prime factors of 56968040?
2, 5, 59, 101, 239
List the prime factors of 549724487.
13, 42286499
List the prime factors of 1165420439.
1889, 616951
What are the prime factors of 4741132?
2, 11, 277, 389
What are the prime factors of 76823933?
23, 101, 33071
List the prime factors of 2386989459.
3, 101, 875317
List the prime factors of 227399258.
2, 19, 503, 11897
List the prime factors of 531603592.
2, 13, 379, 13487
What are the prime factors of 568729037?
568729037
What are the prime factors of 69875972?
2, 41, 426073
What are the prime factors of 116525055?
3, 5, 17, 43, 10627
What are the prime factors of 789556709?
789556709
List the prime factors of 7296569.
7, 73, 109, 131
What are the prime factors of 44772427?
7, 913723
What are the prime factors of 65497063?
773, 84731
List the prime factors of 1052330197.
1052330197
What are the prime factors of 648160408?
2, 7, 11574293
List the prime factors of 53332161.
3, 17777387
What are the prime factors of 48273470?
2, 5, 7, 689621
What are the prime factors of 83319605?
5, 97, 171793
List the prime factors of 245119893.
3, 19, 4300349
What are the prime factors of 3551306584?
2, 7, 63416189
List the prime factors of 82133468.
2, 73, 281279
What are the prime factors of 159508499?
159508499
What are the prime factors of 1867038891?
3, 31, 20075687
What are the prime factors of 23467846?
2, 1783, 6581
What are the prime factors of 233696101?
6199, 37699
What are the prime factors of 9731185?
5, 23, 37, 2287
List the prime factors of 4990425667.
17, 23, 113, 179, 631
List the prime factors of 4433885923.
17, 19, 13727201
List the prime factors of 48780049.
19, 2567371
What are the prime factors of 451554061?
7, 673, 13693
What are the prime factors of 2780539?
23, 53, 2281
List the prime factors of 4390875.
3, 5, 1301
List the prime factors of 78612904.
2, 71, 138403
List the prime factors of 729694633.
1619, 450707
List the prime factors of 492768114.
2, 3, 82128019
What are the prime factors of 118117020?
2, 3, 5, 7, 17, 71, 233
What are the prime factors of 212501773?
11, 1756213
List the prime factors of 32688122.
2, 191, 85571
List the prime factors of 369963983.
369963983
List the prime factors of 30953515.
5, 17, 23, 71, 223
What are the prime factors of 46701942?
2, 3, 7, 83, 13397
What are the prime factors of 1055902887?
3, 13, 1801, 5011
List the prime factors of 428027983.
428027983
What are the prime factors of 40377681?
3, 173, 25933
List the prime factors of 46740053.
46740053
List the prime factors of 828859861.
828859861
What are the prime factors of 7579500?
2, 3, 5, 31, 163
List the prime factors of 57278998.
2, 7, 4091357
What are the prime factors of 4536619?
4536619
List the prime factors of 122010567.
3, 7, 109, 151, 353
List the prime factors of 3164877820.
2, 5, 13, 12172607
What are the prime factors of 2358439621?
607, 3885403
List the prime factors of 187849047.
3, 62616349
List the prime factors of 33695925.
3, 5, 83, 5413
List the prime factors of 2793475.
5, 19, 5881
What are the prime factors of 1525301909?
211, 2357, 3067
List the prime factors of 41694478.
2, 7, 2978177
List the prime factors of 436548471.
3, 89, 1635013
List the prime factors of 359980848.
2, 3, 17, 16339
List the prime factors of 548146458.
2, 3, 29, 53, 19813
List the prime factors of 358804934.
2, 179402467
What are the prime factors of 110800052?
2, 11, 37, 68059
List the prime factors of 2464246416.
2, 3, 71, 317, 2281
What are the prime factors of 4115624284?
2, 1028906071
List the prime factors of 140222059.
140222059
List the prime factors of 188062256.
2, 11753891
What are the prime factors of 760494998?
2, 380247499
What are the prime factors of 1014011199?
3, 112667911
List the prime factors of 14777282.
2, 13, 37, 15361
List the prime factors of 64187892.
2, 3, 1782997
List the prime factors of 1301526082.
2, 650763041
List the prime factors of 8909637.
3, 11, 37, 7297
List the prime factors of 1569711894.
2, 3, 261618649
What are the prime factors of 20211069?
3, 61, 179, 617
What are the prime factors of 317275458?
2, 3, 52879243
List the prime factors of 917545410.
2, 3, 5, 10194949
What are the prime factors of 1317646133?
479, 2750827
What are the prime factors of 119833904?
2, 7489619
What are the prime factors of 32823330?
2, 3, 5, 911, 1201
List th